hat is 10 - 10101001011?
-10101001001
In base 12, what is -4 + 294?
290
In base 13, what is 10 + 2c?
3c
In base 11, what is -7 - -456?
44a
In base 14, what is 1c97 - 5?
1c92
In base 12, what is 253 - -1?
254
In base 4, what is 0 - 1001?
-1001
In base 12, what is -6 - -232?
228
In base 16, what is -28 + 3?
-25
In base 2, what is -100011 + 10?
-100001
In base 6, what is -104 - 43?
-151
In base 6, what is 10 - 304?
-254
In base 7, what is -220 + 5?
-212
In base 2, what is 11011 - 1111010?
-1011111
In base 5, what is 122 + -12?
110
In base 11, what is -53 + 79?
26
In base 14, what is -2b + 17?
-14
In base 8, what is 3 + -62?
-57
In base 14, what is -6 + -1?
-7
In base 14, what is -b7 + 25?
-92
In base 8, what is -21 - 100?
-121
In base 11, what is -10 + -1564?
-1574
In base 8, what is -21 + -5?
-26
In base 9, what is 133 + -15?
117
In base 9, what is -362 - -58?
-303
In base 16, what is -169 - a?
-173
In base 14, what is -1d3 + 19?
-1b8
In base 6, what is -2 - -22?
20
In base 11, what is -3 - 41?
-44
In base 13, what is 83 + -4?
7c
In base 11, what is -39 - -10?
-29
In base 15, what is -12 - 2a?
-3c
In base 3, what is 1 - -1110?
1111
In base 2, what is 10011 + -1010?
1001
In base 3, what is -11 + -100102?
-100120
In base 12, what is 44 + 1b0?
234
In base 8, what is 156 - 16?
140
In base 3, what is -210 + 2?
-201
In base 16, what is 39 - -1?
3a
In base 10, what is 7 + -6?
1
In base 12, what is -40 - -3?
-39
In base 14, what is 3a + 24?
60
In base 12, what is -42 + -25?
-67
In base 11, what is -86 - 3?
-89
In base 2, what is 10101011101 + 101?
10101100010
In base 7, what is 6 - -42?
51
In base 11, what is 5 - 505?
-500
In base 2, what is 100011100111011 + 10?
100011100111101
In base 16, what is -8f1 - -4?
-8ed
In base 10, what is 12 + -4?
8
In base 11, what is 9 + 26?
34
In base 12, what is -8 + -365?
-371
In base 11, what is 162 - -2?
164
In base 10, what is -1024 + 0?
-1024
In base 13, what is 459 - 3?
456
In base 16, what is 3 - -1a?
1d
In base 9, what is 0 + -158?
-158
In base 10, what is -4 + -41?
-45
In base 7, what is -64 + -156?
-253
In base 11, what is 4 - 18a?
-186
In base 4, what is 100 - -123?
223
In base 11, what is -9 + -a?
-18
In base 10, what is -8 + -52?
-60
In base 14, what is 4d3 - -1?
4d4
In base 4, what is 23 - 112?
-23
In base 4, what is 31012 + 22?
31100
In base 13, what is -1 - -1612?
1611
In base 9, what is 1577 - 3?
1574
In base 14, what is -205 + 3?
-202
In base 5, what is 2 - -2333?
2340
In base 6, what is 5 + -3311?
-3302
In base 2, what is 11000 + -1011?
1101
In base 9, what is 0 - 148?
-148
In base 6, what is -10 - 0?
-10
In base 5, what is 1210 - -14?
1224
In base 2, what is 101010010 + -11?
101001111
In base 10, what is -44 - 240?
-284
In base 2, what is 11011101 - 11?
11011010
In base 14, what is -22 - d?
-31
In base 13, what is a55 + 6?
a5b
In base 7, what is 4 - -1342?
1346
In base 14, what is -d + 3?
-a
In base 14, what is 5 + 1a?
21
In base 10, what is 2 - 289?
-287
In base 5, what is 0 - 444?
-444
In base 16, what is 39 - -4?
3d
In base 2, what is 100 - -1000110101?
1000111001
In base 5, what is 111 - 41?
20
In base 11, what is 31 + -3?
29
In base 9, what is -143 + -2?
-145
In base 6, what is -2121 - 23?
-2144
In base 7, what is -111 - 51?
-162
In base 16, what is 19b + -2?
199
In base 6, what is 4 + -110?
-102
In base 15, what is 27 + a2?
c9
In base 8, what is -120 + 5?
-113
In base 2, what is 110000011 + -101?
101111110
In base 9, what is -47 + 0?
-47
In base 10, what is -22 + 1?
-21
In base 7, what is -6 + -1041?
-1050
In base 5, what is 0 - 11003?
-11003
In base 5, what is -302 - 3?
-310
In base 5, what is -142 - -2?
-140
In base 5, what is 4202 - 0?
4202
In base 11, what is 299 + 4?
2a2
In base 16, what is -195 + -5?
-19a
In base 9, what is -557 - -60?
-487
In base 16, what is -e - -162?
154
In base 8, what is -507 - -13?
-474
In base 10, what is -119 + -2?
-121
In base 14, what is -2 - c3?
-c5
In base 5, what is -4243 + 3?
-4240
In base 6, what is 4444 + -5?
4435
In base 2, what is 10111000 - 11?
10110101
In base 13, what is 2a7 + 5?
2ac
In base 3, what is 1022 + -21?
1001
In base 12, what is b - 4b?
-40
In base 4, what is -1 + -110?
-111
In base 13, what is -121 + -5?
-126
In base 15, what is -6e8 - 1?
-6e9
In base 13, what is -4c - -5?
-47
In base 7, what is 3 - 101?
-65
In base 12, what is 3 - 165?
-162
In base 10, what is 7 - 26?
-19
In base 15, what is 2a + -3?
27
In base 2, what is -100000101 + -1?
-100000110
In base 2, what is 100 + -11111100?
-11111000
In base 9, what is -65 - -4?
-61
In base 6, what is 0 + -11?
-11
In base 5, what is -2134 - 122?
-2311
In base 9, what is 11546 + -4?
11542
In base 13, what is -5 + -8?
-10
In base 8, what is 240 - -70?
330
In base 12, what is -bb9 + 4?
-bb5
In base 6, what is 3 - -212?
215
In base 8, what is -1140 - 5?
-1145
In base 14, what is -2 + -30?
-32
In base 14, what is 344c + 3?
3451
In base 12, what is -1 + -a23?
-a24
In base 6, what is -221 - 24?
-245
In base 15, what is -2 + 14c?
14a
In base 2, what is 101111 - 110?
101001
In base 15, what is 1b4e + 1?
1b50
In base 3, what is -1 + 21?
20
In base 7, what is 5 + 64?
102
In base 2, what is -101 - -1101?
1000
In base 16, what is 4 - 95?
-91
In base 2, what is 1001110011 + -10?
1001110001
In base 8, what is 4553 + 4?
4557
In base 13, what is 57a7 - 4?
57a3
In base 15, what is 8 - -4e0?
4e8
In base 4, what is -3 - -10021?
10012
In base 6, what is -12 + 424?
412
In base 5, what is -10 + -332?
-342
In base 10, what is 2 - -66?
68
In base 11, what is -123 - -4?
-11a
In base 4, what is -20 - 2003?
-2023
In base 6, what is -3 - -20153?
20150
In base 8, what is 37033 + 5?
37040
In base 15, what is 21 - -2d?
4e
In base 4, what is -1313 - 11?
-1330
In base 7, what is -5 + -202?
-210
In base 11, what is -2 + 71?
6a
In base 7, what is 26216 + 2?
26221
In base 16, what is 1c9 - 6?
1c3
In base 14, what is -68 + -a?
-74
In base 4, what is -11 + 1120?
1103
In base 7, what is -106 + -233?
-342
In base 15, what is -e + -147?
-156
In base 3, what is -12 + -22012?
-22101
In base 10, what is -4 - -315?
311
In base 10, what is 1 + -1440?
-1439
In base 5, what is 301 + 3?
304
In base 4, what is 12 - -2022?
2100
In base 16, what is 3 - -2bf?
2c2
In base 9, what is -2 + 25?
23
In base 16, what is 616 - -4?
61a
In base 13, what is -1996 + -2?
-1998
In base 6, what is -3 + 23131?
23124
In base 13, what is -3 + 2272?
226c
In base 16, what is 8 - -12c?
134
In base 4, what is 100310 + 12?
100322
In base 16, what is -7a - 0?
-7a
In base 14, what is 0 + -1c7d?
-1c7d
In base 5, what is -243 - 314?
-1112
In base 2, what is -11110110 + -10?
-11111000
In base 3, what is -21121221 - -10?
-21121211
In base 9, what is 225 + -4?
221
In base 11, what is 4 - 3433?
-342a
In base 13, what is -1236 - 1?
-1237
In base 7, what is -2 - 1364?
-1366
In base 7, what is 3410 - 5?
3402
In base 14, what is -373 - 9?
-37c
In base 14, what is -601d + 1?
-601c
In base 6, what is 104432 + 0?
104432
In base 4, what is -3 + 11303?
11300
In base 4, what is 132 - 1?
131
In base 5, what is 1 + -412?
-411
In base 8, what is 0 + -316?
-316
In base 4, what is -1033123 + 3?
-1033120
In base 5, what is 4 + -103?
-44
In base 15, what is -193 - -2?
-191
In base 7, what is 161 + -2?
156
In base 6, what is 2 + 154?
200
In base 15, what is -108 - -2?
-106
In base 3, what is 10 - -20222?
21002
In base 3, what is -100011 - -10?
-100001
In base 15, what is -3a - 11?
-4b
In base 5, what is -122 - 0?
-122
In base 3, what is -102 - 201?
-1010
In base 7, what is -1426 + 1?
-1425
In base 9, what is 1 + 48?
50
In base 5, what is 314 + 101?
420
In base 14, what is 1 - -1cb?
1cc
In base 2, what is 1010 + -100110?
-11100
In base 9, what is -42 + 1?
-41
In base 6, what is -20 - 541?
-1001
In base 15, what is 14 - -78?
8c
In base 6, what is -2025 + -12?
-2041
In base 6, what is -52 - -334?
242
In base 8, what is -421 - -7?
-412
In base 10, what is 1 + -1448?
-1447
In base 16, what is f1 + 3?
f4
In base 12, what is 4 - 11?
-9
In base 11, what is 31 - -37?
68
In base 5, what is -2 - 3441?
-3443
In base 10, what is 1 + 25?
26
In base 3, what is 21211 + -121?
21020
In base 6, what is 4 + -524?
-520
In base 7, what is -1506 + 4?
-1502
In base 12, what is -53 - -1?
-52
In base 16, what is -54 